{"id":3142,"date":"2016-03-31T11:28:35","date_gmt":"2016-03-31T11:28:35","guid":{"rendered":"http:\/\/ninzio.com\/focuson\/?page_id=3142"},"modified":"2023-11-16T15:47:55","modified_gmt":"2023-11-16T15:47:55","slug":"sobre","status":"publish","type":"page","link":"https:\/\/adivat.pt\/inicio\/sobre\/","title":{"rendered":"Sobre n\u00f3s"},"content":{"rendered":"<p style=\"text-align: justify;\">[vc_row padding_top=&#8221;0&#8243; padding_bottom=&#8221;0&#8243;][vc_column width=&#8221;1\/1&#8243;]<div class='gap nz-clearfix' style='height:50px'>&nbsp;<\/div><div class='gap nz-clearfix' style='height:20px'>&nbsp;<\/div>[vc_column_text]<\/p>\n<div class=\"intro\">\n<p style=\"text-align: justify;\">A ADIVAT foi fundada em 28 de Junho de 2001.<\/p>\n<p style=\"text-align: justify;\">A sua cria\u00e7\u00e3o surgiu para apoiar os agricultores da regi\u00e3o do Vale do T\u00e1vora e Douro.<\/p>\n<p style=\"text-align: justify;\">Toda a din\u00e2mica da ADIVAT tem vindo a crescer ao longo dos anos, detendo atualmente al\u00e9m do apoio aos agricultores, val\u00eancias na \u00e1rea da avalia\u00e7\u00e3o imobili\u00e1ria, certifica\u00e7\u00e3o energ\u00e9tica, empreendedorismo e apoio ao desenvolvimento de neg\u00f3cios, e mais recentemente foi concretizado um projeto de constitui\u00e7\u00e3o de uma incubadora, com diferentes servi\u00e7os de apoio ao desenvolvimento de projetos\/empresas que a\u00ed se pretendam instalar.<\/p>\n<p style=\"text-align: justify;\">Em parceria com a CONFAGRI, o IEFP e a CASES, prestamos diversos servi\u00e7os que dinamizam a atividade dos agricultores e empres\u00e1rios da nossa regi\u00e3o.<\/p>\n<p><span style=\"font-size: inherit;\">[\/vc_column_text]<div class='gap nz-clearfix' style='height:20px'>&nbsp;<\/div>[vc_column_text]<\/span><\/p>\n<p><span style=\"color: #60B947; font-size: 1.25em; font-weight: 600;\">Compet\u00eancia<\/span><\/p>\n<\/div>\n<div class=\"intro\">\n<ol>\n<li>Representar os agricultores seus associados junto das entidades e institui\u00e7\u00f5es oficiais;<\/li>\n<li>Promover a aplica\u00e7\u00e3o das t\u00e9cnicas de prote\u00e7\u00e3o e ou produ\u00e7\u00e3o integrada;<\/li>\n<li>Promover a aplica\u00e7\u00e3o de todos as medidas agroambientais em geral;<\/li>\n<li>Prestar assist\u00eancia t\u00e9cnica aos seus associados, criar um servi\u00e7o personalizado no aconselhamento agr\u00edcola;<\/li>\n<li>Dar assist\u00eancia aos associados, defender e promover os interesses comuns;<\/li>\n<li>Apoio \u00e0 cria\u00e7\u00e3o de neg\u00f3cios.<\/li>\n<li>Capacita\u00e7\u00e3o dos empreendedores.<\/li>\n<li>Desenvolvimento de planos de neg\u00f3cio.<\/li>\n<li>Servi\u00e7os de consultaria em diferentes \u00e1reas de apoio ao desenvolvimento e implementa\u00e7\u00e3o dos neg\u00f3cios.<\/li>\n<li>Informa\u00e7\u00e3o e submiss\u00e3o de candidaturas a incentivos no \u00e2mbito do Portugal 2030 e PDR 2030.<\/li>\n<li>Servi\u00e7os de Incuba\u00e7\u00e3o de Projetos\/Empresas.<\/li>\n<\/ol>\n<\/div>\n<p>[\/vc_column_text]<div class='gap nz-clearfix' style='height:0px'>&nbsp;<\/div>[\/vc_column]<\/p>\n<p>[\/vc_row]<\/p>\n\n\n<div style=\"height:50px\" aria-hidden=\"true\" class=\"wp-block-spacer\"><\/div>\n\n\n\n<div class=\"wp-block-image\"><figure class=\"aligncenter size-large is-resized\"><img loading=\"lazy\" src=\"http:\/\/adivat.pt\/inicio\/wp-content\/uploads\/2020\/02\/sobre-1024x171.png\" alt=\"\" class=\"wp-image-4184\" width=\"1209\" height=\"200\" srcset=\"https:\/\/adivat.pt\/inicio\/wp-content\/uploads\/2020\/02\/sobre-300x50.png 300w, https:\/\/adivat.pt\/inicio\/wp-content\/uploads\/2020\/02\/sobre-768x128.png 768w, https:\/\/adivat.pt\/inicio\/wp-content\/uploads\/2020\/02\/sobre-600x100.png 600w, https:\/\/adivat.pt\/inicio\/wp-content\/uploads\/2020\/02\/sobre.png 1200w\" sizes=\"(max-width: 1209px) 100vw, 1209px\" \/><\/figure><\/div>\n\n\n\n<div style=\"height:49px\" aria-hidden=\"true\" class=\"wp-block-spacer\"><\/div>\n","protected":false},"excerpt":{"rendered":"<p>Claritas est etiam processus dynamicus, qui sequitur mutationem consuetudium lectorum. Mirum est notare quam littera gothica, quam nunc putamus parum claram, anteposuerit litterarum formas humanitatis per seacula quarta decima et quinta decima. Eodem modo typi, qui nunc nobis videntur parum clari, fiant sollemnes in futurum.<\/p>\n","protected":false},"author":1,"featured_media":0,"parent":0,"menu_order":0,"comment_status":"closed","ping_status":"closed","template":"page-vc.php","meta":[],"_links":{"self":[{"href":"https:\/\/adivat.pt\/inicio\/wp-json\/wp\/v2\/pages\/3142"}],"collection":[{"href":"https:\/\/adivat.pt\/inicio\/wp-json\/wp\/v2\/pages"}],"about":[{"href":"https:\/\/adivat.pt\/inicio\/wp-json\/wp\/v2\/types\/page"}],"author":[{"embeddable":true,"href":"https:\/\/adivat.pt\/inicio\/wp-json\/wp\/v2\/users\/1"}],"replies":[{"embeddable":true,"href":"https:\/\/adivat.pt\/inicio\/wp-json\/wp\/v2\/comments?post=3142"}],"version-history":[{"count":84,"href":"https:\/\/adivat.pt\/inicio\/wp-json\/wp\/v2\/pages\/3142\/revisions"}],"predecessor-version":[{"id":4392,"href":"https:\/\/adivat.pt\/inicio\/wp-json\/wp\/v2\/pages\/3142\/revisions\/4392"}],"wp:attachment":[{"href":"https:\/\/adivat.pt\/inicio\/wp-json\/wp\/v2\/media?parent=3142"}],"curies":[{"name":"wp","href":"https:\/\/api.w.org\/{rel}","templated":true}]}}