{"id":4120,"date":"2019-12-27T01:19:05","date_gmt":"2019-12-27T01:19:05","guid":{"rendered":"http:\/\/adivat.pt\/inicio\/?page_id=4120"},"modified":"2022-12-07T15:11:09","modified_gmt":"2022-12-07T15:11:09","slug":"avaliacoes-imoveis","status":"publish","type":"page","link":"https:\/\/adivat.pt\/inicio\/avaliacoes-imoveis\/","title":{"rendered":"Avalia\u00e7\u00f5es Im\u00f3veis"},"content":{"rendered":"\n<p><span style=\"color: #dd9933; font-size: 1.25em; font-weight: 600;\">O que \u00e9 a Avalia\u00e7\u00e3o Imobili\u00e1ria?<\/span><br><\/p>\n\n\n\n<p>A avalia\u00e7\u00e3o das propriedades imobili\u00e1rias visa estimar o valor de um bem im\u00f3vel (habita\u00e7\u00e3o, com\u00e9rcio, escrit\u00f3rio, armaz\u00e9m, terreno urbano, terreno agr\u00edcola, terreno industrial) com base em princ\u00edpios Matem\u00e1ticos e Econ\u00f3micos.<\/p>\n\n\n\n<div style=\"height:20px\" aria-hidden=\"true\" class=\"wp-block-spacer\"><\/div>\n\n\n\n<p><span style=\"color: #dd9933; font-size: 1.25em; font-weight: 600;\">Como se estima esse valor?<\/span><br><\/p>\n\n\n\n<p>Os M\u00e9todos mais comuns para estimar o valor de mercado de um im\u00f3vel s\u00e3o o M\u00e9todo de Compara\u00e7\u00e3o, o M\u00e9todo do Rendimento e o M\u00e9todo do Custo. A escolha dos diferentes m\u00e9todos depende do fim a que se destina a avalia\u00e7\u00e3o, do tipo de im\u00f3vel e da disponibilidade da informa\u00e7\u00e3o fornecida.<\/p>\n\n\n\n<div style=\"height:20px\" aria-hidden=\"true\" class=\"wp-block-spacer\"><\/div>\n\n\n\n<p><span style=\"color: #dd9933; font-size: 1.25em; font-weight: 600;\">Para que se realizam avalia\u00e7\u00f5es imobili\u00e1rias?<\/span><br><\/p>\n\n\n\n<p>Geralmente, \u00e9 necess\u00e1rio e apropriado efetuar uma avalia\u00e7\u00e3o imobili\u00e1ria em situa\u00e7\u00f5es como:<\/p>\n\n\n\n<ul><li>  Transfer\u00eancia de propriedade;<\/li><li> Financiamento e Cr\u00e9dito;<\/li><li> Compra e Venda;<\/li><li> Estudos Econ\u00f3micos e Financeiros de Projetos                                                                                                                                                         de Investimento;<\/li><li> Defini\u00e7\u00e3o de Pr\u00e9mios de Seguro;<\/li><li> Justo valor de Arrendamento;<\/li><li> Partilhas de Bens entre outras situa\u00e7\u00f5es. <\/li><\/ul>\n\n\n\n<div style=\"height:23px\" aria-hidden=\"true\" class=\"wp-block-spacer\"><\/div>\n\n\n\n<p><span style=\"color: #dd9933; font-size: 1.25em; font-weight: 600;\">A ADIVAT e a Avalia\u00e7\u00e3o Imobili\u00e1ria<\/span><\/p>\n\n\n\n<p>A ADIVAT \u00e9 uma entidade devidamente acreditada e registada na C.M.V.M., possuindo nos seus quadros Peritos Avaliadores experientes e t\u00e9cnicos de forma\u00e7\u00e3o multidisciplinar que capacitam a ADIVAT para realizar todo o tipo de avalia\u00e7\u00f5es imobili\u00e1rias. A ADIVAT det\u00e9m igualmente habilita\u00e7\u00e3o para a realiza\u00e7\u00e3o de avalia\u00e7\u00f5es de M\u00e1quinas e Equipamentos Industriais.<\/p>\n\n\n\n<div style=\"height:50px\" aria-hidden=\"true\" class=\"wp-block-spacer\"><\/div>\n\n\n\n<div class=\"wp-block-image\"><figure class=\"aligncenter size-large is-resized\"><img loading=\"lazy\" src=\"http:\/\/adivat.pt\/inicio\/wp-content\/uploads\/2020\/02\/avaliacao-1024x171.png\" alt=\"\" class=\"wp-image-4239\" width=\"1196\" height=\"199\" srcset=\"https:\/\/adivat.pt\/inicio\/wp-content\/uploads\/2020\/02\/avaliacao-1024x171.png 1024w, https:\/\/adivat.pt\/inicio\/wp-content\/uploads\/2020\/02\/avaliacao-300x50.png 300w, https:\/\/adivat.pt\/inicio\/wp-content\/uploads\/2020\/02\/avaliacao-768x128.png 768w, https:\/\/adivat.pt\/inicio\/wp-content\/uploads\/2020\/02\/avaliacao-600x100.png 600w, https:\/\/adivat.pt\/inicio\/wp-content\/uploads\/2020\/02\/avaliacao.png 1200w\" sizes=\"(max-width: 1196px) 100vw, 1196px\" \/><\/figure><\/div>\n\n\n\n&nbsp;\n<hr class=\"wp-block-separator is-style-dots\">\n&nbsp;\n\n\n\n<h2>Necessita de ajuda?<\/h2>\n&nbsp;\n\n\n\n<div role=\"form\" class=\"wpcf7\" id=\"wpcf7-f4152-o1\" lang=\"pt-PT\" dir=\"ltr\">\n<div class=\"screen-reader-response\"><p role=\"status\" aria-live=\"polite\" aria-atomic=\"true\"><\/p> <ul><\/ul><\/div>\n<form action=\"\/inicio\/wp-json\/wp\/v2\/pages\/4120#wpcf7-f4152-o1\" method=\"post\" class=\"wpcf7-form init\" novalidate=\"novalidate\" data-status=\"init\">\n<div style=\"display: none;\">\n<input type=\"hidden\" name=\"_wpcf7\" value=\"4152\" \/>\n<input type=\"hidden\" name=\"_wpcf7_version\" value=\"5.4\" \/>\n<input type=\"hidden\" name=\"_wpcf7_locale\" value=\"pt_PT\" \/>\n<input type=\"hidden\" name=\"_wpcf7_unit_tag\" value=\"wpcf7-f4152-o1\" \/>\n<input type=\"hidden\" name=\"_wpcf7_container_post\" value=\"0\" \/>\n<input type=\"hidden\" name=\"_wpcf7_posted_data_hash\" value=\"\" \/>\n<input type=\"hidden\" name=\"_wpcf7_recaptcha_response\" value=\"\" \/>\n<\/div>\n<div class=\"col col4\" data-margin=\"true\"><span class=\"wpcf7-form-control-wrap your-name\"><input type=\"text\" name=\"your-name\" value=\"\" size=\"40\" class=\"wpcf7-form-control wpcf7-text\" aria-invalid=\"false\" placeholder=\"Nome\" \/><\/span><\/div>\n<div class=\"col col4\" data-margin=\"true\"><span class=\"wpcf7-form-control-wrap your-email\"><input type=\"email\" name=\"your-email\" value=\"\" size=\"40\" class=\"wpcf7-form-control wpcf7-text wpcf7-email wpcf7-validates-as-email\" aria-invalid=\"false\" placeholder=\"E-mail\" \/><\/span><\/div>\n<div class=\"col col4\" data-margin=\"true\"><span class=\"wpcf7-form-control-wrap your-tel\"><input type=\"tel\" name=\"your-tel\" value=\"\" size=\"40\" class=\"wpcf7-form-control wpcf7-text wpcf7-tel wpcf7-validates-as-tel\" aria-invalid=\"false\" placeholder=\"Contato\" \/><\/span><\/div>\n<div class=\"col col12\"  data-margin=\"true\"><span class=\"wpcf7-form-control-wrap your-message\"><textarea name=\"your-message\" cols=\"40\" rows=\"10\" class=\"wpcf7-form-control wpcf7-textarea\" aria-invalid=\"false\" placeholder=\"Mensagem\"><\/textarea><\/span><\/div>\n<div class=\"col col12\"><input type=\"submit\" value=\"Enviar Mensagem\" class=\"wpcf7-form-control wpcf7-submit\" \/><\/div>\n<div class=\"wpcf7-response-output\" aria-hidden=\"true\"><\/div><\/form><\/div>\n","protected":false},"excerpt":{"rendered":"<p>O que \u00e9 a Avalia\u00e7\u00e3o Imobili\u00e1ria? A avalia\u00e7\u00e3o das propriedades imobili\u00e1rias visa estimar o valor de um bem im\u00f3vel (habita\u00e7\u00e3o, com\u00e9rcio, escrit\u00f3rio, armaz\u00e9m, terreno urbano, terreno agr\u00edcola, terreno industrial) com base em princ\u00edpios Matem\u00e1ticos e Econ\u00f3micos. Como se estima esse valor? Os M\u00e9todos mais comuns para estimar o valor de mercado de um im\u00f3vel s\u00e3o [&hellip;]<\/p>\n","protected":false},"author":1,"featured_media":0,"parent":0,"menu_order":0,"comment_status":"closed","ping_status":"closed","template":"","meta":[],"_links":{"self":[{"href":"https:\/\/adivat.pt\/inicio\/wp-json\/wp\/v2\/pages\/4120"}],"collection":[{"href":"https:\/\/adivat.pt\/inicio\/wp-json\/wp\/v2\/pages"}],"about":[{"href":"https:\/\/adivat.pt\/inicio\/wp-json\/wp\/v2\/types\/page"}],"author":[{"embeddable":true,"href":"https:\/\/adivat.pt\/inicio\/wp-json\/wp\/v2\/users\/1"}],"replies":[{"embeddable":true,"href":"https:\/\/adivat.pt\/inicio\/wp-json\/wp\/v2\/comments?post=4120"}],"version-history":[{"count":22,"href":"https:\/\/adivat.pt\/inicio\/wp-json\/wp\/v2\/pages\/4120\/revisions"}],"predecessor-version":[{"id":4357,"href":"https:\/\/adivat.pt\/inicio\/wp-json\/wp\/v2\/pages\/4120\/revisions\/4357"}],"wp:attachment":[{"href":"https:\/\/adivat.pt\/inicio\/wp-json\/wp\/v2\/media?parent=4120"}],"curies":[{"name":"wp","href":"https:\/\/api.w.org\/{rel}","templated":true}]}}