{"id":4128,"date":"2019-12-27T01:23:27","date_gmt":"2019-12-27T01:23:27","guid":{"rendered":"http:\/\/adivat.pt\/inicio\/?page_id=4128"},"modified":"2023-02-10T17:22:55","modified_gmt":"2023-02-10T17:22:55","slug":"incubacao-de-projetos-e-empresas","status":"publish","type":"page","link":"https:\/\/adivat.pt\/inicio\/incubacao-de-projetos-e-empresas\/","title":{"rendered":"Incuba\u00e7\u00e3o de projetos e empresas."},"content":{"rendered":"\n<p>Oferecemos as condi\u00e7\u00f5es ideais para o nascimento e crescimento de start-ups. Possu\u00edmos ainda uma s\u00e9rie de val\u00eancias adaptadas \u00e0s necessidades das empresas, com o objetivo de potenciar o seu crescimento sustent\u00e1vel.<\/p>\n\n\n\n<p><br><span style=\"color: #dd9933; font-size: 1.25em; font-weight: 600;\">Espa\u00e7os<\/span><br>\u00b7 12 gabinetes individuais para instala\u00e7\u00e3o de empresas;<br>\u00b7 Salas para Coworking, com capacidade para 15 postos.<br>\u00b7 Sala de reuni\u00f5es;<br>\u00b7 Rece\u00e7\u00e3o.<\/p>\n\n\n\n<p><br>Todos os espa\u00e7os est\u00e3o devidamente preparados e equipados com mobili\u00e1rio e equipamento inform\u00e1tico, proporcionando \u00e0s empresas incubadas plenas condi\u00e7\u00f5es para o exerc\u00edcio da atividade empresarial.<br>\u00b7 Servi\u00e7os de Apoio \u00e0s Empresas:<br>\u00b7 Apoio ao Empreendedorismo;<br>\u00b7 Incuba\u00e7\u00e3o e Mentoring;<br>\u00b7 Consultoria e apoio \u00e0 gest\u00e3o;<br>\u00b7 Apoio administrativo;<br>\u00b7 Apoio de pessoal auxiliar;<br>\u00b7 Secretariado;<br>\u00b7 Servi\u00e7os de impress\u00e3o e fotoc\u00f3pias;<br>\u00b7 Telefone e fax;<br>\u00b7 Internet.<\/p>\n\n\n\n<p><\/p>\n\n\n\n<p><\/p>\n\n\n\n<figure class=\"wp-block-image size-large is-resized\"><img loading=\"lazy\" src=\"https:\/\/adivat.pt\/inicio\/wp-content\/uploads\/2022\/12\/incuba-1024x171.jpg\" alt=\"\" class=\"wp-image-4341\" width=\"1143\" height=\"190\" srcset=\"https:\/\/adivat.pt\/inicio\/wp-content\/uploads\/2022\/12\/incuba-1024x171.jpg 1024w, https:\/\/adivat.pt\/inicio\/wp-content\/uploads\/2022\/12\/incuba-300x50.jpg 300w, https:\/\/adivat.pt\/inicio\/wp-content\/uploads\/2022\/12\/incuba-768x128.jpg 768w, https:\/\/adivat.pt\/inicio\/wp-content\/uploads\/2022\/12\/incuba-600x100.jpg 600w, https:\/\/adivat.pt\/inicio\/wp-content\/uploads\/2022\/12\/incuba.jpg 1200w\" sizes=\"(max-width: 1143px) 100vw, 1143px\" \/><\/figure>\n\n\n\n&nbsp;\n<hr class=\"wp-block-separator is-style-dots\">\n&nbsp;\n\n\n\n<h2>Necessita de ajuda?<\/h2>\n&nbsp;\n\n\n\n<div role=\"form\" class=\"wpcf7\" id=\"wpcf7-f4156-o1\" lang=\"pt-PT\" dir=\"ltr\">\n<div class=\"screen-reader-response\"><p role=\"status\" aria-live=\"polite\" aria-atomic=\"true\"><\/p> <ul><\/ul><\/div>\n<form action=\"\/inicio\/wp-json\/wp\/v2\/pages\/4128#wpcf7-f4156-o1\" method=\"post\" class=\"wpcf7-form init\" novalidate=\"novalidate\" data-status=\"init\">\n<div style=\"display: none;\">\n<input type=\"hidden\" name=\"_wpcf7\" value=\"4156\" \/>\n<input type=\"hidden\" name=\"_wpcf7_version\" value=\"5.4\" \/>\n<input type=\"hidden\" name=\"_wpcf7_locale\" value=\"pt_PT\" \/>\n<input type=\"hidden\" name=\"_wpcf7_unit_tag\" value=\"wpcf7-f4156-o1\" \/>\n<input type=\"hidden\" name=\"_wpcf7_container_post\" value=\"0\" \/>\n<input type=\"hidden\" name=\"_wpcf7_posted_data_hash\" value=\"\" \/>\n<input type=\"hidden\" name=\"_wpcf7_recaptcha_response\" value=\"\" \/>\n<\/div>\n<div class=\"col col4\" data-margin=\"true\"><span class=\"wpcf7-form-control-wrap your-name\"><input type=\"text\" name=\"your-name\" value=\"\" size=\"40\" class=\"wpcf7-form-control wpcf7-text\" aria-invalid=\"false\" placeholder=\"Nome\" \/><\/span><\/div>\n<div class=\"col col4\" data-margin=\"true\"><span class=\"wpcf7-form-control-wrap your-email\"><input type=\"email\" name=\"your-email\" value=\"\" size=\"40\" class=\"wpcf7-form-control wpcf7-text wpcf7-email wpcf7-validates-as-email\" aria-invalid=\"false\" placeholder=\"E-mail\" \/><\/span><\/div>\n<div class=\"col col4\" data-margin=\"true\"><span class=\"wpcf7-form-control-wrap your-tel\"><input type=\"tel\" name=\"your-tel\" value=\"\" size=\"40\" class=\"wpcf7-form-control wpcf7-text wpcf7-tel wpcf7-validates-as-tel\" aria-invalid=\"false\" placeholder=\"Contato\" \/><\/span><\/div>\n<div class=\"col col12\"  data-margin=\"true\"><span class=\"wpcf7-form-control-wrap your-message\"><textarea name=\"your-message\" cols=\"40\" rows=\"10\" class=\"wpcf7-form-control wpcf7-textarea\" aria-invalid=\"false\" placeholder=\"Mensagem\"><\/textarea><\/span><\/div>\n<div class=\"col col12\"><input type=\"submit\" value=\"Enviar Mensagem\" class=\"wpcf7-form-control wpcf7-submit\" \/><\/div>\n<div class=\"wpcf7-response-output\" aria-hidden=\"true\"><\/div><\/form><\/div>\n","protected":false},"excerpt":{"rendered":"<p>Oferecemos as condi\u00e7\u00f5es ideais para o nascimento e crescimento de start-ups. Possu\u00edmos ainda uma s\u00e9rie de val\u00eancias adaptadas \u00e0s necessidades das empresas, com o objetivo de potenciar o seu crescimento sustent\u00e1vel. Espa\u00e7os\u00b7 12 gabinetes individuais para instala\u00e7\u00e3o de empresas;\u00b7 Salas para Coworking, com capacidade para 15 postos.\u00b7 Sala de reuni\u00f5es;\u00b7 Rece\u00e7\u00e3o. Todos os espa\u00e7os est\u00e3o [&hellip;]<\/p>\n","protected":false},"author":1,"featured_media":0,"parent":0,"menu_order":0,"comment_status":"closed","ping_status":"closed","template":"","meta":[],"_links":{"self":[{"href":"https:\/\/adivat.pt\/inicio\/wp-json\/wp\/v2\/pages\/4128"}],"collection":[{"href":"https:\/\/adivat.pt\/inicio\/wp-json\/wp\/v2\/pages"}],"about":[{"href":"https:\/\/adivat.pt\/inicio\/wp-json\/wp\/v2\/types\/page"}],"author":[{"embeddable":true,"href":"https:\/\/adivat.pt\/inicio\/wp-json\/wp\/v2\/users\/1"}],"replies":[{"embeddable":true,"href":"https:\/\/adivat.pt\/inicio\/wp-json\/wp\/v2\/comments?post=4128"}],"version-history":[{"count":11,"href":"https:\/\/adivat.pt\/inicio\/wp-json\/wp\/v2\/pages\/4128\/revisions"}],"predecessor-version":[{"id":4383,"href":"https:\/\/adivat.pt\/inicio\/wp-json\/wp\/v2\/pages\/4128\/revisions\/4383"}],"wp:attachment":[{"href":"https:\/\/adivat.pt\/inicio\/wp-json\/wp\/v2\/media?parent=4128"}],"curies":[{"name":"wp","href":"https:\/\/api.w.org\/{rel}","templated":true}]}}